{"id":780,"date":"2021-11-29T13:45:15","date_gmt":"2021-11-29T13:45:15","guid":{"rendered":"https:\/\/biodata.cl\/laboral\/?page_id=780"},"modified":"2022-10-25T16:12:48","modified_gmt":"2022-10-25T16:12:48","slug":"examenes-de-altura-geografica","status":"publish","type":"page","link":"https:\/\/www.biodata.cl\/laboral\/examenes-de-altura-geografica\/","title":{"rendered":"Ex\u00e1menes de Altura Geogr\u00e1fica"},"content":{"rendered":"<p>[vc_row disable_element=\u00bbyes\u00bb css=\u00bb.vc_custom_1658837283425{background-position: 0 0 !important;background-repeat: no-repeat !important;}\u00bb][vc_column width=\u00bb1\/6&#8243;][\/vc_column][vc_column width=\u00bb1\/3&#8243;]<div class=\"porto-u-heading  wpb_custom_95aa9a11c17ad45cfabaf210d84ee7cc\" data-hspacer=\"no_spacer\" data-halign=\"left\" style=\"text-align:left\" data-appear-animation=\"bounce\"><div class=\"porto-u-main-heading\"><h2   style=\"color:#297d89;\">Ex\u00e1menes de altura f\u00edsica A Y B<\/h2><\/div><\/div>[vc_column_text]Estos ex\u00e1menes est\u00e1n indicados a trabajadores que desempe\u00f1an sus tareas habituales sobre 1,80 metros de altura, con riesgo de ca\u00edda libre. Principalmente trabajos en andamios, postes, escaleras, entre otros.[\/vc_column_text][\/vc_column][vc_column width=\u00bb1\/3&#8243;][vc_single_image image=\u00bb781&#8243; img_size=\u00bbfull\u00bb style=\u00bbvc_box_shadow_border_circle_2&#8243;][\/vc_column][vc_column width=\u00bb1\/6&#8243;][\/vc_column][\/vc_row][vc_row disable_element=\u00bbyes\u00bb][vc_column][vc_empty_space height=\u00bb42px\u00bb][\/vc_column][\/vc_row][vc_row css=\u00bb.vc_custom_1638192483431{background-image: url(https:\/\/biodata.cl\/laboral\/wp-content\/uploads\/2021\/11\/overl1_950x500-min.png?id=736) !important;background-position: 0 0 !important;background-repeat: no-repeat !important;}\u00bb][vc_column width=\u00bb1\/6&#8243;][\/vc_column][vc_column width=\u00bb1\/3&#8243;]<div class=\"porto-u-heading  wpb_custom_95aa9a11c17ad45cfabaf210d84ee7cc\" data-hspacer=\"no_spacer\" data-halign=\"left\" style=\"text-align:left\" data-appear-animation=\"bounce\"><div class=\"porto-u-main-heading\"><h2   style=\"color:#297d89;\">Ex\u00e1menes de Altura Geogr\u00e1fica<\/h2><\/div><\/div>[vc_column_text]Para trabajadores que se desempe\u00f1an en<br \/>\nalturas entre los 3.000 y 5.000 metros por<br \/>\nsobre el nivel del mar. Se busca verificar<br \/>\ncondiciones de salud para el desarrollo de<br \/>\nactividades con exposici\u00f3n a hipobaria<br \/>\nintermitente. Principalmente trabajos en<br \/>\nFaenas mineras, proyectos de investigaci\u00f3n,<br \/>\nentre otros.<\/p>\n<p><strong>Evaluaciones Incluidas:<\/strong><\/p>\n<ul>\n<li>Consulta medica<\/li>\n<li>Encuesta de salud<\/li>\n<li>Encuesta Lake Louise<\/li>\n<li>Glicemia<\/li>\n<li>perfil Lip\u00eddico<\/li>\n<li>Hematocrito &#8211; Hemoglobina<\/li>\n<li>Evaluaci\u00f3n del riesgo cardio vascular (RCV)<\/li>\n<li>Medidas antropom\u00e9tricas (peso\/ talla)<\/li>\n<li>Control de Presi\u00f3n Arterial \/ Control de Frecuencia Cardiaca<\/li>\n<li>Examen auditivo (audiometr\u00eda)<\/li>\n<li>Examen visual<\/li>\n<li>ECG<\/li>\n<li>Espirometr\u00eda<\/li>\n<\/ul>\n<p>[\/vc_column_text]<div class=\"porto-u-heading  wpb_custom_95aa9a11c17ad45cfabaf210d84ee7cc\" data-hspacer=\"no_spacer\" data-halign=\"left\" style=\"text-align:left\" data-appear-animation=\"bounce\"><div class=\"porto-u-main-heading\"><h2   style=\"color:#297d89;\">Altura Geogr\u00e1fica con Trabajos en Altura F\u00edsica<\/h2><\/div><\/div>[vc_column_text]<\/p>\n<ul>\n<li>A la bater\u00eda de Altura Geogr\u00e1fica, se agrega el examen Pruebas de Equilibrio para Trabajos sobre 1.8<\/li>\n<li>Se puede incluir la prueba del VIII PAR en trabajos superiores a 10 metros de altura f\u00edsica.<\/li>\n<\/ul>\n<p>[\/vc_column_text][\/vc_column][vc_column width=\u00bb1\/3&#8243;]<div class=\"ult-spacer spacer-69e8e8fc9ab8c\" data-id=\"69e8e8fc9ab8c\" data-height=\"75\" data-height-mobile=\"75\" data-height-tab=\"75\" data-height-tab-portrait=\"\" data-height-mobile-landscape=\"\" style=\"clear:both;display:block;\"><\/div>[vc_single_image image=\u00bb775&#8243; img_size=\u00bbfull\u00bb style=\u00bbvc_box_shadow_border_circle_2&#8243;]<div class=\"ult-spacer spacer-69e8e8fc9ab92\" data-id=\"69e8e8fc9ab92\" data-height=\"75\" data-height-mobile=\"75\" data-height-tab=\"75\" data-height-tab-portrait=\"\" data-height-mobile-landscape=\"\" style=\"clear:both;display:block;\"><\/div>[vc_single_image image=\u00bb782&#8243; img_size=\u00bbfull\u00bb style=\u00bbvc_box_shadow_border_circle_2&#8243;][\/vc_column][vc_column width=\u00bb1\/6&#8243;][\/vc_column][\/vc_row]<\/p>\n","protected":false},"excerpt":{"rendered":"<p>[vc_row disable_element=\u00bbyes\u00bb css=\u00bb.vc_custom_1658837283425{background-position: 0 0 !important;background-repeat: no-repeat !important;}\u00bb][vc_column width=\u00bb1\/6&#8243;][\/vc_column][vc_column width=\u00bb1\/3&#8243;][vc_column_text]Estos ex\u00e1menes est\u00e1n indicados a trabajadores que desempe\u00f1an sus tareas habituales sobre 1,80 metros de altura, con riesgo de ca\u00edda libre. Principalmente trabajos en andamios, postes, escaleras, entre otros.[\/vc_column_text][\/vc_column][vc_column width=\u00bb1\/3&#8243;][vc_single_image image=\u00bb781&#8243; img_size=\u00bbfull\u00bb style=\u00bbvc_box_shadow_border_circle_2&#8243;][\/vc_column][vc_column width=\u00bb1\/6&#8243;][\/vc_column][\/vc_row][vc_row disable_element=\u00bbyes\u00bb][vc_column][vc_empty_space height=\u00bb42px\u00bb][\/vc_column][\/vc_row][vc_row css=\u00bb.vc_custom_1638192483431{background-image: url(https:\/\/biodata.cl\/laboral\/wp-content\/uploads\/2021\/11\/overl1_950x500-min.png?id=736) !important;background-position: 0 0 !important;background-repeat: no-repeat !important;}\u00bb][vc_column width=\u00bb1\/6&#8243;][\/vc_column][vc_column width=\u00bb1\/3&#8243;][vc_column_text]Para [&hellip;]<\/p>\n","protected":false},"author":1,"featured_media":0,"parent":0,"menu_order":0,"comment_status":"closed","ping_status":"closed","template":"","meta":{"footnotes":""},"class_list":["post-780","page","type-page","status-publish","hentry"],"_links":{"self":[{"href":"https:\/\/www.biodata.cl\/laboral\/wp-json\/wp\/v2\/pages\/780","targetHints":{"allow":["GET"]}}],"collection":[{"href":"https:\/\/www.biodata.cl\/laboral\/wp-json\/wp\/v2\/pages"}],"about":[{"href":"https:\/\/www.biodata.cl\/laboral\/wp-json\/wp\/v2\/types\/page"}],"author":[{"embeddable":true,"href":"https:\/\/www.biodata.cl\/laboral\/wp-json\/wp\/v2\/users\/1"}],"replies":[{"embeddable":true,"href":"https:\/\/www.biodata.cl\/laboral\/wp-json\/wp\/v2\/comments?post=780"}],"version-history":[{"count":7,"href":"https:\/\/www.biodata.cl\/laboral\/wp-json\/wp\/v2\/pages\/780\/revisions"}],"predecessor-version":[{"id":889,"href":"https:\/\/www.biodata.cl\/laboral\/wp-json\/wp\/v2\/pages\/780\/revisions\/889"}],"wp:attachment":[{"href":"https:\/\/www.biodata.cl\/laboral\/wp-json\/wp\/v2\/media?parent=780"}],"curies":[{"name":"wp","href":"https:\/\/api.w.org\/{rel}","templated":true}]}}

Exámenes de Altura Geográfica

<p>[vc_row disable_element=»yes» css=».vc_custom_1658837283425{background-position: 0 0 !important;background-repeat: no-repeat !important;}»][vc_column width=»1/6&#8243;][/vc_column][vc_column width=»1/3&#8243;]<div class="porto-u-heading  wpb_custom_95aa9a11c17ad45cfabaf210d84ee7cc" data-hspacer="no_spacer" data-halign="left" style="text-align:left" data-appear-animation="bounce"><div class="porto-u-main-heading"><h2   style="color:#297d89;">Exámenes de altura física A Y B</h2></div></div>[vc_column_text]Estos exámenes están indicados a trabajadores que desempeñan sus tareas habituales sobre 1,80 metros de altura, con riesgo de caída libre. Principalmente trabajos en andamios, postes, escaleras, entre otros.[/vc_column_text][/vc_column][vc_column width=»1/3&#8243;][vc_single_image image=»781&#8243; img_size=»full» style=»vc_box_shadow_border_circle_2&#8243;][/vc_column][vc_column width=»1/6&#8243;][/vc_column][/vc_row][vc_row disable_element=»yes»][vc_column][vc_empty_space height=»42px»][/vc_column][/vc_row][vc_row css=».vc_custom_1638192483431{background-image: url(https://biodata.cl/laboral/wp-content/uploads/2021/11/overl1_950x500-min.png?id=736) !important;background-position: 0 0 !important;background-repeat: no-repeat !important;}»][vc_column width=»1/6&#8243;][/vc_column][vc_column width=»1/3&#8243;]<div class="porto-u-heading  wpb_custom_95aa9a11c17ad45cfabaf210d84ee7cc" data-hspacer="no_spacer" data-halign="left" style="text-align:left" data-appear-animation="bounce"><div class="porto-u-main-heading"><h2   style="color:#297d89;">Exámenes de Altura Geográfica</h2></div></div>[vc_column_text]Para trabajadores que se desempeñan en<br />
alturas entre los 3.000 y 5.000 metros por<br />
sobre el nivel del mar. Se busca verificar<br />
condiciones de salud para el desarrollo de<br />
actividades con exposición a hipobaria<br />
intermitente. Principalmente trabajos en<br />
Faenas mineras, proyectos de investigación,<br />
entre otros.</p>
<p><strong>Evaluaciones Incluidas:</strong></p>
<ul>
<li>Consulta medica</li>
<li>Encuesta de salud</li>
<li>Encuesta Lake Louise</li>
<li>Glicemia</li>
<li>perfil Lipídico</li>
<li>Hematocrito &#8211; Hemoglobina</li>
<li>Evaluación del riesgo cardio vascular (RCV)</li>
<li>Medidas antropométricas (peso/ talla)</li>
<li>Control de Presión Arterial / Control de Frecuencia Cardiaca</li>
<li>Examen auditivo (audiometría)</li>
<li>Examen visual</li>
<li>ECG</li>
<li>Espirometría</li>
</ul>
<p>[/vc_column_text]<div class="porto-u-heading  wpb_custom_95aa9a11c17ad45cfabaf210d84ee7cc" data-hspacer="no_spacer" data-halign="left" style="text-align:left" data-appear-animation="bounce"><div class="porto-u-main-heading"><h2   style="color:#297d89;">Altura Geográfica con Trabajos en Altura Física</h2></div></div>[vc_column_text]</p>
<ul>
<li>A la batería de Altura Geográfica, se agrega el examen Pruebas de Equilibrio para Trabajos sobre 1.8</li>
<li>Se puede incluir la prueba del VIII PAR en trabajos superiores a 10 metros de altura física.</li>
</ul>
<p>[/vc_column_text][/vc_column][vc_column width=»1/3&#8243;]<div class="ult-spacer spacer-69e8e8fc9ab8c" data-id="69e8e8fc9ab8c" data-height="75" data-height-mobile="75" data-height-tab="75" data-height-tab-portrait="" data-height-mobile-landscape="" style="clear:both;display:block;"></div>[vc_single_image image=»775&#8243; img_size=»full» style=»vc_box_shadow_border_circle_2&#8243;]<div class="ult-spacer spacer-69e8e8fc9ab92" data-id="69e8e8fc9ab92" data-height="75" data-height-mobile="75" data-height-tab="75" data-height-tab-portrait="" data-height-mobile-landscape="" style="clear:both;display:block;"></div>[vc_single_image image=»782&#8243; img_size=»full» style=»vc_box_shadow_border_circle_2&#8243;][/vc_column][vc_column width=»1/6&#8243;][/vc_column][/vc_row]</p>

<p>[vc_row disable_element=»yes» css=».vc_custom_1658837283425{background-position: 0 0 !important;background-repeat: no-repeat !important;}»][vc_column width=»1/6&#8243;][/vc_column][vc_column width=»1/3&#8243;][vc_column_text]Estos exámenes están indicados a trabajadores que desempeñan sus tareas habituales sobre 1,80 metros de altura, con riesgo de caída libre. Principalmente trabajos en andamios, postes, escaleras, entre otros.[/vc_column_text][/vc_column][vc_column width=»1/3&#8243;][vc_single_image image=»781&#8243; img_size=»full» style=»vc_box_shadow_border_circle_2&#8243;][/vc_column][vc_column width=»1/6&#8243;][/vc_column][/vc_row][vc_row disable_element=»yes»][vc_column][vc_empty_space height=»42px»][/vc_column][/vc_row][vc_row css=».vc_custom_1638192483431{background-image: url(https://biodata.cl/laboral/wp-content/uploads/2021/11/overl1_950x500-min.png?id=736) !important;background-position: 0 0 !important;background-repeat: no-repeat !important;}»][vc_column width=»1/6&#8243;][/vc_column][vc_column width=»1/3&#8243;][vc_column_text]Para [&hellip;]</p>
